is the remainder when 6193 is divided by 282?
271
What is the remainder when 28359 is divided by 48?
39
Calculate the remainder when 1916 is divided by 143.
57
What is the remainder when 53431 is divided by 17784?
79
Calculate the remainder when 183993 is divided by 52.
17
What is the remainder when 43636 is divided by 102?
82
Calculate the remainder when 2718 is divided by 510.
168
What is the remainder when 341180 is divided by 1917?
1871
Calculate the remainder when 160 is divided by 37.
12
What is the remainder when 38351 is divided by 63?
47
What is the remainder when 11431 is divided by 5663?
105
What is the remainder when 10422 is divided by 8917?
1505
What is the remainder when 99655 is divided by 2213?
70
What is the remainder when 1166482 is divided by 45?
37
What is the remainder when 147470 is divided by 322?
316
Calculate the remainder when 623365 is divided by 89045.
50
Calculate the remainder when 2452 is divided by 147.
100
What is the remainder when 167968 is divided by 67?
66
Calculate the remainder when 6805 is divided by 6350.
455
What is the remainder when 30720 is divided by 42?
18
Calculate the remainder when 1628 is divided by 48.
44
Calculate the remainder when 10036 is divided by 59.
6
Calculate the remainder when 7652031 is divided by 9.
6
What is the remainder when 51346 is divided by 25573?
200
Calculate the remainder when 3332 is divided by 1627.
78
Calculate the remainder when 93956 is divided by 112.
100
What is the remainder when 8666 is divided by 51?
47
Calculate the remainder when 125264 is divided by 19.
16
Calculate the remainder when 4477 is divided by 181.
133
What is the remainder when 11380 is divided by 5647?
86
What is the remainder when 31194 is divided by 624?
618
What is the remainder when 30027 is divided by 91?
88
What is the remainder when 7778 is divided by 6?
2
What is the remainder when 4045 is divided by 391?
135
Calculate the remainder when 7284 is divided by 109.
90
What is the remainder when 1111 is divided by 345?
76
What is the remainder when 934 is divided by 721?
213
What is the remainder when 2603 is divided by 10?
3
What is the remainder when 3194 is divided by 3175?
19
What is the remainder when 416385 is divided by 14358?
3
Calculate the remainder when 5521 is divided by 1377.
13
Calculate the remainder when 34829 is divided by 11590.
59
Calculate the remainder when 247452 is divided by 82484.
0
Calculate the remainder when 92259 is divided by 971.
14
What is the remainder when 162 is divided by 6?
0
What is the remainder when 121 is divided by 12?
1
What is the remainder when 12847 is divided by 2121?
121
Calculate the remainder when 388612 is divided by 2414.
2372
Calculate the remainder when 1418 is divided by 1408.
10
What is the remainder when 2699133 is divided by 568?
565
What is the remainder when 20538 is divided by 22?
12
What is the remainder when 128472 is divided by 148?
8
What is the remainder when 216072 is divided by 74?
66
What is the remainder when 405 is divided by 320?
85
Calculate the remainder when 4720 is divided by 163.
156
Calculate the remainder when 1751 is divided by 73.
72
What is the remainder when 2813 is divided by 2625?
188
What is the remainder when 463818 is divided by 40?
18
Calculate the remainder when 16180 is divided by 186.
184
Calculate the remainder when 3816 is divided by 3012.
804
Calculate the remainder when 28894 is divided by 614.
36
Calculate the remainder when 360861 is divided by 8.
5
Calculate the remainder when 1379134 is divided by 352.
350
What is the remainder when 10774 is divided by 317?
313
Calculate the remainder when 87518 is divided by 271.
256
Calculate the remainder when 738737 is divided by 48.
17
Calculate the remainder when 1002524 is divided by 14.
12
What is the remainder when 27940 is divided by 27?
22
What is the remainder when 1695 is divided by 112?
15
Calculate the remainder when 75127 is divided by 18.
13
What is the remainder when 29484 is divided by 818?
36
What is the remainder when 4847 is divided by 185?
37
Calculate the remainder when 5973 is divided by 2984.
5
Calculate the remainder when 891244 is divided by 3183.
4
Calculate the remainder when 3141127 is divided by 911.
910
Calculate the remainder when 6904 is divided by 266.
254
What is the remainder when 548685 is divided by 28?
25
Calculate the remainder when 10410 is divided by 1183.
946
What is the remainder when 1211 is divided by 10?
1
Calculate the remainder when 1842 is divided by 805.
232
Calculate the remainder when 372146 is divided by 186070.
6
What is the remainder when 41018 is divided by 490?
348
What is the remainder when 708 is divided by 390?
318
Calculate the remainder when 5187 is divided by 682.
413
What is the remainder when 23205 is divided by 59?
18
What is the remainder when 11802 is divided by 88?
10
What is the remainder when 93581 is divided by 18?
17
Calculate the remainder when 5212 is divided by 149.
146
What is the remainder when 1263 is divided by 111?
42
What is the remainder when 31583 is divided by 2870?
13
What is the remainder when 17956 is divided by 75?
31
What is the remainder when 17610 is divided by 1064?
586
What is the remainder when 9507 is divided by 198?
3
Calculate the remainder when 235871 is divided by 125.
121
What is the remainder when 3395 is divided by 1676?
43
Calculate the remainder when 139496 is divided by 34872.
8
What is the remainder when 4010 is divided by 1524?
962
Calculate the remainder when 7144 is divided by 3519.
106
Calculate the remainder when 134639 is divided by 748.
747
Calculate the remainder when 342157 is divided by 520.
517
Calculate the remainder when 11132 is divided by 2767.
64
What is the remainder when 98666 is divided by 828?
134
Calculate the remainder when 121803 is divided by 50.
3
What is the remainder when 7118 is divided by 54?
44
Calculate the remainder when 594886 is divided by 3233.
14
Calculate the remainder when 250 is divided by 121.
8
Calculate the remainder when 18753 is divided by 588.
525
Calculate the remainder when 665866 is divided by 221954.
4
Calculate the remainder when 754 is divided by 404.
350
Calculate the remainder when 10767 is divided by 1216.
1039
Calculate the remainder when 2013199 is divided by 35.
34
What is the remainder when 103775 is divided by 141?
140
Calculate the remainder when 8955 is divided by 300.
255
Calculate the remainder when 86751 is divided by 62.
13
Calculate the remainder when 74094 is divided by 9247.
118
Calculate the remainder when 48380 is divided by 504.
500
What is the remainder when 341997 is divided by 18999?
15
Calculate the remainder when 98679 is divided by 274.
39
What is the remainder when 224794 is divided by 143?
141
Calculate the remainder when 23129 is divided by 35.
29
What is the remainder when 5781854 is divided by 1286?
1284
What is the remainder when 5992 is divided by 74?
72
Calculate the remainder when 428095 is divided by 79.
73
Calculate the remainder when 437537 is divided by 226.
1
What is the remainder when 77089 is divided by 5505?
19
Calculate the remainder when 8514674 is divided by 213.
212
Calculate the remainder when 21056 is divided by 13.
9
What is the remainder when 10887 is divided by 330?
327
What is the remainder when 6578 is divided by 754?
546
What is the remainder when 32442 is divided by 2944?
58
What is the remainder when 12783 is divided by 4254?
21
Calculate the remainder when 10681 is divided by 54.
43
Calculate the remainder when 16343 is divided by 1465.
228
Calculate the remainder when 3630239 is divided by 80.
79
Calculate the remainder when 78222 is divided by 164.
158
Calculate the remainder when 9224 is divided by 1851.
1820
What is the remainder when 9339 is divided by 45?
24
Calculate the remainder when 16647 is divided by 75.
72
Calculate the remainder when 145959 is divided by 72973.
13
Calculate the remainder when 45240 is divided by 422.
86
Calculate the remainder when 1571 is divided by 784.
3
Calculate the remainder when 160 is divided by 63.
34
What is the remainder when 12346 is divided by 13?
9
What is the remainder when 6238 is divided by 422?
330
What is the remainder when 2332 is divided by 567?
64
What is the remainder when 156006 is divi